4 = -s*y + 14*y. Is y a composite number?
True
Suppose -84*y = -4*c - 86*y + 476812, 3*c + 4*y - 357589 = 0. Is c a composite number?
True
Suppose -o - 2*o = 5*d - 255, 3*o = 5*d - 225. Suppose 120 + d = 7*k. Is (-1354)/(((-1)/(-10))/((-6)/k)) prime?
False
Let t(w) = w**3 + 7*w**2 + 8*w + 5. Let v be t(-6). Let b be (((-18)/4)/(-3))/(v/28). Is ((-2410)/6)/(((-20)/b)/(-10)) composite?
True
Let y = 14045 - 2027. Let n = y - 7529. Is n composite?
True
Let r be (5 + -3)/(16/15944). Suppose -3*g + 4*x = 1586, -3*x + x = -10. Let d = g + r. Is d composite?
False
Let u = -117546 - -175723. Is u prime?
False
Let i(r) = -604*r**3 - 11*r**2 + 8*r - 17. Is i(-6) a composite number?
False
Suppose -229*b + 257*b = 277844. Is b a composite number?
False
Let x(j) be the first derivative of j**2/2 - 20*j + 12. Let l be x(-8). Is l/(-13) + -2 - (-165070)/26 a prime number?
False
Let a = -748 - -744. Is (886*-1)/(6/132*a) a composite number?
True
Let u = 71 + -57. Suppose 1 = -j + u. Suppose -8*z + j*z = 19945. Is z composite?
False
Is 68261 + (-8)/((-8)/(-3)) + 3 composite?
False
Let a = -271820 + 417447. Is a a composite number?
True
Suppose 113 = 16*i - 31. Let w be 276/161*(-1 - i/(-2)). Suppose p + 4*x = 1961, 8*p = w*p + 4*x + 3886. Is p prime?
True
Suppose -310*g + 376*g = 415470. Is g a composite number?
True
Let i(z) = 6*z**3 + z**2 - 4*z + 3. Let o be i(1). Let n be ((-1)/(-2))/(5*o/120). Suppose j = n*q - 3727, 3*q - 2*q - 1853 = 4*j. Is q a prime number?
False
Let i = 73917 + 190210. Is i composite?
False
Let p = 180 - -160. Suppose 5*m - 146 = -i, p = 2*i + 2*m + 24. Suppose 6*n - 5*n = i. Is n prime?
False
Let x(a) be the second derivative of a**4/6 + 7*a**3/2 - 35*a**2/2 + 5*a + 5. Let v(t) = t**3 - 6*t**2 + 2*t - 3. Let m be v(5). Is x(m) a composite number?
True
Let p = 19 - 37. Let c be 4/p + 23548/18. Suppose -461 = 7*u - c. Is u a prime number?
False
Let x(n) = -171*n - 19. Let k(w) = -5*w - 46. Let c be k(-8). Is x(c) prime?
False
Let r = -42 + 32. Let y = r + 16. Suppose 2*a + 1192 = y*a. Is a prime?
False
Suppose 16 = 2*w - 4*x, 0 = -3*w + w + x + 4. Suppose -4*j = 3*u - 6*j - 20601, 2*u - 5*j - 13745 = w. Suppose a + u = 6*a. Is a a composite number?
False
Let q be ((-195)/234)/((-1)/6). Suppose q*u = 3*s + 30795, 11*u - 10*u = -3*s + 6159. Is u a prime number?
False
Suppose -6*v = -9*v - 5*p + 5, 0 = 4*v - 2*p + 28. Let j be 8/(24/14730*v/(-2)). Suppose j + 7645 = 3*n. Is n composite?
False
Let z = -62 + 66. Suppose -4 = z*h, -h - 1278 = -5*p + 2*h. Let g = p + -128. Is g prime?
True
Let b = -132 + 16. Let q = 119 + b. Is q - (-382)/(-2)*-4 - -2 a prime number?
True
Let j(s) = -21649*s - 278. Is j(-9) composite?
True
Let y(g) = -3*g + 29. Let n be y(14). Let k = 14 + n. Suppose -u + 315 = 2*t, 0 = -3*t + k - 7. Is u prime?
False
Let c be (-6 - 0)/((-6)/7 - -1). Is c/(-7)*(-37945)/(-6) a composite number?
True
Let v = 45 - 3. Let f be v/8 - (39/12)/13. Suppose m = -2*i + 667, -2001 = -m - 2*m - f*i. Is m a prime number?
False
Let c = -173 - -595. Let b = c - -417. Is b composite?
False
Suppose 3*c + 373005 = 5*u + 33334, -5*c - 135838 = -2*u. Is u composite?
False
Let y be (-6)/(-4)*(-480)/(-72). Suppose y*m - 102095 = 37775. Is m composite?
True
Let k = -818 - -374. Let n = 93 - k. Is n prime?
False
Let z(a) = -a**3 - 5*a**2 + 6*a + 3. Let j be z(-6). Suppose 90 + 105 = j*b. Suppose 5*n - 200 = b. Is n composite?
False
Let z(x) = 845*x + 10. Let d(w) = -2535*w - 29. Let u(a) = -6*d(a) - 17*z(a). Let t be u(1). Let c = t - 160. Is c a prime number?
False
Suppose 0 = 10*t + 11*t - 1638. Is 12/t - (-9974)/(-52)*-6 a composite number?
False
Let u(c) = 130*c**2 - 24*c - 3. Is u(-8) composite?
True
Suppose 4*j + 88*j - 18127444 - 22964080 = 0. Is j a prime number?
True
Suppose 5*r - 56 = -3*p + 4*r, 0 = -2*r + 4. Let m be 2913/p - 1/(-6). Suppose 0 = -12*j + 870 - m. Is j prime?
True
Is 540/(-130) + 4 + (-12708225)/(-65) a prime number?
True
Let d be 2 - (-4 + (10 - 2)). Let j(x) = 15*x**3 + x**2. Let y be j(d). Let g = -58 - y. Is g prime?
False
Let g(r) = 9*r - 45. Let h be g(7). Is (4 - 78/h)*-1542 a composite number?
True
Let y(n) = 94930*n + 5321. Is y(2) a composite number?
True
Let d(c) = 417*c + 29. Is d(24) composite?
False
Suppose 370 = -5*q - 5*t - 495, 520 = -3*q - 2*t. Let m = 747 + q. Is m prime?
False
Let u be -1*(-28)/4*(8 - 2). Suppose 2*v + 5*y = 30543, -4*v - u*y + 61046 = -40*y. Is v composite?
False
Let z(s) = 4*s + 14. Let n be z(-3). Suppose n*p = -0*p + 1838. Is p a prime number?
True
Let u be (9/4 - 1) + 15/20. Suppose -5*f - 294 = u*f. Is 129*1*(-182)/f a prime number?
False
Let z = 100 - 110. Is (-8)/z + 37446/30 a prime number?
True
Suppose 5*o + 20 = 9*o. Suppose -o*i - 34 = -7*i. Suppose -18 = -5*p + i. Is p a prime number?
True
Let g(m) = m**3 + m**2 - m + 38. Let d be g(0). Suppose -46*o = -d*o - 4984. Is o a prime number?
False
Suppose 4*a - 17*a - 49712 = 0. Let u = a - -14625. Is u a composite number?
True
Is 25*160 - 1650/150 composite?
False
Is (4 + (-243484)/(-16))*128/32 prime?
True
Suppose -2*t = 2*m - 69294 - 365420, 2*m + 4*t - 434720 = 0. Is m a prime number?
False
Let w be 2/13 + 1572/(-78). Is (-1212 + -1)*(-5)/w*-4 prime?
True
Let z(s) = s**2 - 10*s - 106. Let m be z(16). Is m/(-40) + 27651/4 composite?
True
Suppose -693*s - 18729 = -696*s. Let i = s + -2524. Is i a prime number?
True
Let f(a) be the first derivative of -69*a**4 - 2*a - 1/3*a**3 - 17 - 1/2*a**2. Is f(-1) a composite number?
True
Let z = -10299 + 6234. Let p = 2422 - z. Is p a prime number?
False
Let d(g) = 25*g**2 - 17*g - 8. Let t(f) = -3*f + 2. Let l be t(3). Let q be d(l). Suppose -3*c + q = 4*i, 3*c = -0 - 12. Is i prime?
True
Suppose -5*a - 9 = -9. Suppose -2*w + a = -2. Let y(q) = 210*q**3 - 1. Is y(w) prime?
False
Suppose 3*h - 5*h + 1764 = 0. Suppose 2*c = 4*x - 6, x + 2*c + 13 = 7. Suppose 0 = -5*s - 2*d + 4425, 0 = -x*s + s + d - h. Is s a composite number?
False
Let x(r) = 27*r - 22*r - 24*r + 382. Is x(9) a composite number?
False
Let j = -644 + 4671. Let x = j + 4252. Is x prime?
False
Let t(k) = 11*k**2 - 6*k + 7. Let j be t(5). Let d be (j/(-15))/((-6)/200). Let y = -301 + d. Is y a composite number?
True
Let g = 5974 + 2979. Let j = g - 5353. Let v = j - 2381. Is v a composite number?
True
Let a(u) = 64873*u**3 - 26*u**2 + 22*u + 2. Is a(1) composite?
False
Let u be 0 + 12/30 - (-16083)/5. Let a = u + -1116. Is a composite?
True
Let j(y) = -2*y**3 + 2*y**2 - 3*y + 9. Let w be j(-4). Suppose -w = -6*n + 221. Suppose 63*k - n*k = -1244. Is k a composite number?
False
Suppose -89*q + 3*v - 1124264 = -93*q, -562106 = -2*q + 5*v. Is q composite?
False
Let p(o) = 173*o - 17. Let l be p(5). Let f be 4/(-22) + (-184)/(-44). Suppose -f*r = -5*h - l, r + h - 139 - 82 = 0. Is r prime?
False
Let o be 38/(-133) - (-60)/14. Suppose 4*g - 2*u = 10366 - 2610, -2*g + o*u + 3878 = 0. Is g composite?
True
Let r = -6599 - -16132. Let m = -3552 + r. Is m a prime number?
True
Let m(y) = y - 5. Let r be m(10). Let j(q) = -2*q**2 + 4*q**2 + 3*q + q**2 + 1 - r. Is j(13) a prime number?
False
Let g be 5/2*52/65. Suppose g*f = -4*f + 1476. Let y = f + -101. Is y composite?
True
Let q = 19870 + -14056. Let d = 12593 - q. Is d a composite number?
False
Let m be (10/8*-2)/((-10)/12). Suppose -5*u - 2051 + 343 = -t, m*t - 3*u - 5184 = 0. Is t a prime number?
True
Let r(y) = 131827*y + 553. Is r(2) a composite number?
True
Suppose 23*c - 63316 - 188235 = 0. Is c a composite number?
False
Let s = -333 - -333. Is (s + (-5931)/3)/((-6)/62) a composite number?
True
Let t(i) = i**2 + 4*i - 6. Let j be t(-6). Let l(n) = -10*n**2 - 8*n - 1. Let z be l(j). Let b = -218 - z. Is b composite?
False
Let p = -170142 + 246529. Is p a composite number?
False
Suppose 39*v - 31*v - 120 = 0. Is v/(75/20) - -3105 a prime number?
True
Let x = 789 + -505. Let r be 4 + ((-54)/(-72) - 2/(-8)). Suppose -r*p + 3221 = -x. Is p a composite number?
False
Suppose 7013*r = 7021*r - 2685064. Is r prime?
True
Let l = 40540 - -14254. Is l a prime number?
False
Suppose 9*k - 29527 = -10069. Suppose 0 = -12*d + 1354 + k. Is d prime?
True
Suppose 22312253 = 478*y - 13946931 - 46849242. Is y prime?
True
Let v be (2 + (-5)/(45/21))*-516. Let a be (-41 + -5)/((-4)/v). Suppose -a 